{"id":19,"date":"2024-01-23T16:10:53","date_gmt":"2024-01-23T15:10:53","guid":{"rendered":"http:\/\/192.168.1.26\/?page_id=19"},"modified":"2024-11-17T01:32:15","modified_gmt":"2024-11-17T00:32:15","slug":"quienes-somos","status":"publish","type":"page","link":"http:\/\/autoescuelamere.es\/index.php\/quienes-somos\/","title":{"rendered":"Acerca de nosotros"},"content":{"rendered":"\n<figure class=\"wp-block-image size-full\"><img loading=\"lazy\" decoding=\"async\" width=\"680\" height=\"510\" src=\"http:\/\/autoescuelamere.es\/wp-content\/uploads\/2024\/11\/Mere.jpg\" alt=\"\" class=\"wp-image-145\" srcset=\"http:\/\/autoescuelamere.es\/wp-content\/uploads\/2024\/11\/Mere.jpg 680w, http:\/\/autoescuelamere.es\/wp-content\/uploads\/2024\/11\/Mere-300x225.jpg 300w\" sizes=\"auto, (max-width: 680px) 100vw, 680px\" \/><\/figure>\n\n\n\n<p>Somos una autoescuela hist\u00f3rica del pueblo con una gesti\u00f3n completamente renovada, m\u00e9todos de ense\u00f1anza de \u00faltima generaci\u00f3n, amplia disponibilidad de horarios, cursos intensivos te\u00f3ricos, pr\u00e1cticos y todo lo que necesitas para que sacar tu carnet sea una experiencia agradable y para recordar!<\/p>\n\n\n\n<figure data-wp-context=\"{&quot;imageId&quot;:&quot;69e3723a61671&quot;}\" data-wp-interactive=\"core\/image\" data-wp-key=\"69e3723a61671\" class=\"wp-block-image size-full is-style-default wp-lightbox-container\"><img loading=\"lazy\" decoding=\"async\" width=\"680\" height=\"482\" data-wp-class--hide=\"state.isContentHidden\" data-wp-class--show=\"state.isContentVisible\" data-wp-init=\"callbacks.setButtonStyles\" data-wp-on--click=\"actions.showLightbox\" data-wp-on--load=\"callbacks.setButtonStyles\" data-wp-on-window--resize=\"callbacks.setButtonStyles\" src=\"http:\/\/192.168.1.26\/wp-content\/uploads\/2024\/01\/conduceconivan.jpg\" alt=\"\" class=\"wp-image-20\" style=\"aspect-ratio:4\/3;object-fit:contain\" srcset=\"http:\/\/autoescuelamere.es\/wp-content\/uploads\/2024\/01\/conduceconivan.jpg 680w, http:\/\/autoescuelamere.es\/wp-content\/uploads\/2024\/01\/conduceconivan-300x213.jpg 300w\" sizes=\"auto, (max-width: 680px) 100vw, 680px\" \/><button\n\t\t\tclass=\"lightbox-trigger\"\n\t\t\ttype=\"button\"\n\t\t\taria-haspopup=\"dialog\"\n\t\t\taria-label=\"Agrandar\"\n\t\t\tdata-wp-init=\"callbacks.initTriggerButton\"\n\t\t\tdata-wp-on--click=\"actions.showLightbox\"\n\t\t\tdata-wp-style--right=\"state.imageButtonRight\"\n\t\t\tdata-wp-style--top=\"state.imageButtonTop\"\n\t\t>\n\t\t\t<svg xmlns=\"http:\/\/www.w3.org\/2000\/svg\" width=\"12\" height=\"12\" fill=\"none\" viewBox=\"0 0 12 12\">\n\t\t\t\t<path fill=\"#fff\" d=\"M2 0a2 2 0 0 0-2 2v2h1.5V2a.5.5 0 0 1 .5-.5h2V0H2Zm2 10.5H2a.5.5 0 0 1-.5-.5V8H0v2a2 2 0 0 0 2 2h2v-1.5ZM8 12v-1.5h2a.5.5 0 0 0 .5-.5V8H12v2a2 2 0 0 1-2 2H8Zm2-12a2 2 0 0 1 2 2v2h-1.5V2a.5.5 0 0 0-.5-.5H8V0h2Z\" \/>\n\t\t\t<\/svg>\n\t\t<\/button><\/figure>\n\n\n\n<h2 class=\"wp-block-heading has-text-align-center\">Nos encontrar\u00e1s en esta ubicaci\u00f3n<\/h2>\n\n\n\n<center><iframe src=\"https:\/\/www.google.com\/maps\/embed?pb=!1m18!1m12!1m3!1d3108.458145101028!2d-0.6026900233313164!3d38.821967271740306!2m3!1f0!2f0!3f0!3m2!1i1024!2i768!4f13.1!3m3!1m2!1s0xd619d55a3defc59%3A0x92e2d6691e82269f!2sAutoescuela%20Mere%2CS.L.!5e0!3m2!1ses!2ses!4v1706024412729!5m2!1ses!2ses\" width=\"600\" height=\"450\" style=\"border:0;\" allowfullscreen=\"\" loading=\"lazy\" referrerpolicy=\"no-referrer-when-downgrade\"><\/iframe><br><\/center>\n","protected":false},"excerpt":{"rendered":"<p>Somos una autoescuela hist\u00f3rica del pueblo con una gesti\u00f3n completamente renovada, m\u00e9todos de ense\u00f1anza de \u00faltima generaci\u00f3n, amplia disponibilidad de horarios, cursos intensivos te\u00f3ricos, pr\u00e1cticos y todo lo que necesitas para que sacar tu carnet sea una experiencia agradable y para recordar! Nos encontrar\u00e1s en esta ubicaci\u00f3n<\/p>\n","protected":false},"author":1,"featured_media":0,"parent":0,"menu_order":0,"comment_status":"closed","ping_status":"closed","template":"","meta":{"_themeisle_gutenberg_block_has_review":false,"footnotes":""},"class_list":["post-19","page","type-page","status-publish","hentry"],"_links":{"self":[{"href":"http:\/\/autoescuelamere.es\/index.php\/wp-json\/wp\/v2\/pages\/19","targetHints":{"allow":["GET"]}}],"collection":[{"href":"http:\/\/autoescuelamere.es\/index.php\/wp-json\/wp\/v2\/pages"}],"about":[{"href":"http:\/\/autoescuelamere.es\/index.php\/wp-json\/wp\/v2\/types\/page"}],"author":[{"embeddable":true,"href":"http:\/\/autoescuelamere.es\/index.php\/wp-json\/wp\/v2\/users\/1"}],"replies":[{"embeddable":true,"href":"http:\/\/autoescuelamere.es\/index.php\/wp-json\/wp\/v2\/comments?post=19"}],"version-history":[{"count":13,"href":"http:\/\/autoescuelamere.es\/index.php\/wp-json\/wp\/v2\/pages\/19\/revisions"}],"predecessor-version":[{"id":167,"href":"http:\/\/autoescuelamere.es\/index.php\/wp-json\/wp\/v2\/pages\/19\/revisions\/167"}],"wp:attachment":[{"href":"http:\/\/autoescuelamere.es\/index.php\/wp-json\/wp\/v2\/media?parent=19"}],"curies":[{"name":"wp","href":"https:\/\/api.w.org\/{rel}","templated":true}]}}